{"id":211,"date":"2021-01-27T13:06:12","date_gmt":"2021-01-27T13:06:12","guid":{"rendered":"https:\/\/iasep.gob.ar\/wp\/?page_id=211"},"modified":"2026-03-06T13:04:34","modified_gmt":"2026-03-06T16:04:34","slug":"sistema-de-afiliacion","status":"publish","type":"page","link":"https:\/\/iasep.gob.ar\/?page_id=211","title":{"rendered":"Sistema de Afiliaci\u00f3n"},"content":{"rendered":"\r\n<div id=\"main\">\r\n<div class=\"container\">\r\n<h2>Requisitos de Afiliaci\u00f3n<\/h2>\r\n<p>Seg\u00fan el tipo de afiliaci\u00f3n que requiera, puede hacer clic y encontrar los requisitos como tambi\u00e9n descargar las notas y\/o formularios necesarios.<\/p>\r\n<div id=\"accordion\" class=\"panel-group\"><!--Inicio acordion -->\r\n<div class=\"panel panel-default\">\r\n<div class=\"panel-heading\">\r\n<h4 class=\"panel-title\"><a href=\"#collapse1\" data-toggle=\"collapse\" data-parent=\"#accordion\">Titulares<\/a><\/h4>\r\n<\/div>\r\n<div id=\"collapse1\" class=\"panel-collapse collapse in\">\r\n<div class=\"panel-body\">\r\n<ul style=\"list-style-type: square;\">\r\n<li>Certificaci\u00f3n de trabajo.<\/li>\r\n<li>Fotocopia DNI ambos lados.<\/li>\r\n<li>Fotocopia \u00faltimo recibo de haberes.<\/li>\r\n<li><b>Para designar beneficiario del subsidio por fallecimiento:<\/b> copia DNI de 2 personas qui\u00e9nes ser\u00e1n los beneficiarios.<\/li>\r\n<\/ul>\r\n<\/div>\r\n<\/div>\r\n<\/div>\r\n<div class=\"panel panel-default\">\r\n<div class=\"panel-heading\">\r\n<h4 class=\"panel-title\"><a href=\"#collapse2\" data-toggle=\"collapse\" data-parent=\"#accordion\">Esposa<\/a><\/h4>\r\n<\/div>\r\n<div id=\"collapse2\" class=\"panel-collapse collapse\">\r\n<div class=\"panel-body\">\r\n<ul style=\"list-style-type: square;\">\r\n<li>Fotocopia de Acta de Matrimonio legalizado.<\/li>\r\n<li>Fotocopia del DNI ambos lados (esposa).<\/li>\r\n<li>Carnet del titular.<\/li>\r\n<li>Fotocopia del \u00faltimo recibo de haberes del titular.<\/li>\r\n<\/ul>\r\n<\/div>\r\n<\/div>\r\n<\/div>\r\n<div class=\"panel panel-default\">\r\n<div class=\"panel-heading\">\r\n<h4 class=\"panel-title\"><a href=\"#collapse3\" data-toggle=\"collapse\" data-parent=\"#accordion\">Esposo Legal<\/a><\/h4>\r\n<\/div>\r\n<div id=\"collapse3\" class=\"panel-collapse collapse\">\r\n<div class=\"panel-body\">\r\n<ul style=\"list-style-type: square;\">\r\n<li>Nota solicitando la afiliaci\u00f3n del esposo. (Clic <a href=\"desformularios\/Nota_afiliacion_general.pdf\" target=\"_blank\" rel=\"noopener\"> aqu\u00ed<\/a> para descargar la nota)<\/li>\r\n<li>Copia Acta de matrimonio legalizado<\/li>\r\n<li>Fotocopia del DNI ambos lados (esposo).<\/li>\r\n<li>Carnet del titular.<\/li>\r\n<li>Fotocopia del \u00faltimo recibo de sueldo.<\/li>\r\n<li>CUIL y certificaci\u00f3n negativa de ANSES de la persona a afiliar.<\/li>\r\n<li>Informaci\u00f3n sumaria expedida por autoridad judicial donde conste que no posee percepci\u00f3n de ingresos fijos, ni relaci\u00f3n de dependencia laboral, como tampoco cobertura de obra social y se encuentra a cargo del titular.<\/li>\r\n<\/ul>\r\n<h6>OBSERVACIONES<\/h6>\r\n<ul>\r\n<li>En caso de verificar falsedad, omisi\u00f3n o inexactitud en las documentaciones presentadas para la afiliaci\u00f3n voluntaria, IASEP tendr\u00e1 derecho a negar la cobertura m\u00e9dica.<\/li>\r\n<li>Porcentaje de Aporte: Sin Cargo.<\/li>\r\n<\/ul>\r\n<\/div>\r\n<\/div>\r\n<\/div>\r\n<div class=\"panel panel-default\">\r\n<div class=\"panel-heading\">\r\n<h4 class=\"panel-title\"><a href=\"#collapse4\" data-toggle=\"collapse\" data-parent=\"#accordion\">Padres<\/a><\/h4>\r\n<\/div>\r\n<div id=\"collapse4\" class=\"panel-collapse collapse\">\r\n<div class=\"panel-body\">\r\n<ul style=\"list-style-type: square;\">\r\n<li>Nota solicitando la afiliaci\u00f3n. (Clic <a href=\"desformularios\/Nota_afiliacion_general.pdf\" target=\"_blank\" rel=\"noopener\"> aqu\u00ed<\/a> para descargar la nota)<\/li>\r\n<li>Declaraci\u00f3n Jurada de Antecedentes de Salud de la persona a afiliar. (Clic <a href=\"desformularios\/DECLARACION_JURADA_DE_ANTECEDENTES_DE_SALUD.pdf\" target=\"_blank\" rel=\"noopener\"> aqu\u00ed<\/a> para descargar el formulario)<\/li>\r\n<li>Fotocopia del DNI ambos lados de la persona a afiliar.<\/li>\r\n<li>Fotocopia del \u00faltimo recibo de haberes.<\/li>\r\n<li>CUIL y certificaci\u00f3n negativa de ANSES de la persona a afiliar.<\/li>\r\n<li>Copia del Acta de nacimiento del titular legalizado<\/li>\r\n<li>Informaci\u00f3n sumaria expedida por autoridad judicial donde conste que no posee percepci\u00f3 de ingresos fijos, ni relaci\u00f3n de dependencia laboral, como tampoco cobertura de obra social y se encuentra a cargo del titular.<\/li>\r\n<\/ul>\r\n<h6>OBSERVACIONES<\/h6>\r\n<ul>\r\n<li>En caso de verificar falsedad, omisi\u00f3n o inexactitud en las documentaciones presentadas para la afiliaci\u00f3n voluntaria, IASEP tendr\u00e1 derecho a negar la cobertura m\u00e9dica.<\/li>\r\n<li>Porcentaje de aportes: 8%<\/li>\r\n<li>Edad Madre: hasta 60 a\u00f1os<\/li>\r\n<li>Edad Padre: hasta 65 a\u00f1os<\/li>\r\n<\/ul>\r\n<\/div>\r\n<\/div>\r\n<\/div>\r\n<div class=\"panel panel-default\">\r\n<div class=\"panel-heading\">\r\n<h4 class=\"panel-title\"><a href=\"#collapse5\" data-toggle=\"collapse\" data-parent=\"#accordion\">Afiliaci\u00f3n de Conviviente con Aporte adicional del 8%<\/a><\/h4>\r\n<\/div>\r\n<div id=\"collapse5\" class=\"panel-collapse collapse\">\r\n<div class=\"panel-body\">\r\n<ul style=\"list-style-type: square;\">\r\n<li style=\"list-style-type: none;\">\r\n<ul style=\"list-style-type: square;\">\r\n<li>Nota solicitando la afiliaci\u00f3n. (Clic <a href=\"desformularios\/Nota_afiliacion_general.pdf\" target=\"_blank\" rel=\"noopener\"> aqu\u00ed<\/a> para descargar la nota)<\/li>\r\n<li>Declaraci\u00f3n Jurada de Antecedentes de Salud de la persona a afiliar. (Clic <a href=\"desformularios\/DECLARACION_JURADA_DE_ANTECEDENTES_DE_SALUD.pdf\" target=\"_blank\" rel=\"noopener\"> aqu\u00ed<\/a> para descargar el formulario)<\/li>\r\n<\/ul>\r\n<\/li>\r\n<\/ul>\r\n<ul style=\"list-style-type: square;\">\r\n<li style=\"list-style-type: none;\">\r\n<ul style=\"list-style-type: square;\">\r\n<li>Autorizaci\u00f3n del descuento de aporte firmado por el afiliado titular. (Clic <a href=\"desformularios\/AUTORIZACION_aportes_de_descuento.pdf\" target=\"_blank\" rel=\"noopener\"> aqu\u00ed<\/a> para descargar la Autorizaci\u00f3n)<\/li>\r\n<\/ul>\r\n<\/li>\r\n<\/ul>\r\n<ul style=\"list-style-type: square;\">\r\n<li>Fotocopia del DNI ambos lados de la persona a afiliar.<\/li>\r\n<li>Informaci\u00f3n sumaria expedida por autoridad judicial donde conste que se encuentra en convivencia mayor a 5 a\u00f1os, est\u00e1 a su cargo, no posee obra social, no tiene relaci\u00f3n de dependencia e ingreso fijo.<\/li>\r\n<li>CUIL y certificaci\u00f3n negativa de ANSES.<\/li>\r\n<li>Fotocopia del \u00faltimo recibo de haberes.<\/li>\r\n<li>Carnet del afiliado titular.<\/li>\r\n<\/ul>\r\n<h6>OBSERVACIONES<\/h6>\r\n<ul>\r\n<li>Para el uso de los servicios que presta el IASEP, los afiliados voluntarios que figuren en los art. III, IV, V y VI (anexo de Resoluci\u00f3n N\u00b0 0765\/10) tendr\u00e1 un <b>periodo de carencia:<\/b> los periodos de carencia se computar\u00e1n a partir del primer aporte por afiliado voluntario, fecha en la que se har\u00e1 entrega del carnet correspondiente.<\/li>\r\n<li>En caso de verificar falsedad, omisi\u00f3n o inexactitud en las documentaciones presentadas para la afiliaci\u00f3n voluntaria, IASEP tendr\u00e1 derecho a negar la cobertura m\u00e9dica.<\/li>\r\n<li>Porcentaje de Aporte: 8%.<\/li>\r\n<\/ul>\r\n<\/div>\r\n<\/div>\r\n<\/div>\r\n<div class=\"panel panel-default\">\r\n<div class=\"panel-heading\">\r\n<h4 class=\"panel-title\"><a href=\"#collapse6\" data-toggle=\"collapse\" data-parent=\"#accordion\">Beneficio por Discapacidad del Titular<\/a><\/h4>\r\n<\/div>\r\n<div id=\"collapse6\" class=\"panel-collapse collapse\">\r\n<div class=\"panel-body\">\r\n<ul style=\"list-style-type: square;\">\r\n<li>Nota solicitando el beneficio. (Clic <a href=\"desformularios\/Afiliacion titular con discapacidad.pdf\" target=\"_blank\" rel=\"noopener\"> aqu\u00ed<\/a> para descargar la nota)<\/li>\r\n<li>Declaraci\u00f3n Jurada de Antecedentes de Salud de la persona a afiliar. (Clic <a href=\"desformularios\/DECLARACION_JURADA_DE_ANTECEDENTES_DE_SALUD.pdf\" target=\"_blank\" rel=\"noopener\"> aqu\u00ed<\/a> para descargar el formulario)<\/li>\r\n<li>Historia Cl\u00ednica con prescripci\u00f3n de la medicaci\u00f3n que utiliza. (Clic <a href=\"desformularios\/FHClinica_frente.pdf\" target=\"_blank\" rel=\"noopener\"> aqu\u00ed<\/a> para descargar el formulario (adelante). (Clic <a href=\"desformularios\/FHClinica_dorso.pdf\"> aqu\u00ed<\/a> para descargar formulario (atr\u00e1s))<\/li>\r\n<li>Fotocopia del D.N.I. de ambos lados.<\/li>\r\n<li>Certificado de Discapacidad otorgado por el Ministerio de Desarrollo Humano.<\/li>\r\n<li>CUIL y certificaci\u00f3n negativa de ANSES.<\/li>\r\n<\/ul>\r\n<\/div>\r\n<\/div>\r\n<\/div>\r\n<div class=\"panel panel-default\">\r\n<div class=\"panel-heading\">\r\n<h4 class=\"panel-title\"><a href=\"#collapse7\" data-toggle=\"collapse\" data-parent=\"#accordion\">Beneficio por Discapacidad de Hijos<\/a><\/h4>\r\n<\/div>\r\n<div id=\"collapse7\" class=\"panel-collapse collapse\">\r\n<div class=\"panel-body\">\r\n<ul style=\"list-style-type: square;\">\r\n<li>Nota solicitando el beneficio. (Clic <a href=\"desformularios\/Afiliacion hijo con discapacidad.pdf\" target=\"_blank\" rel=\"noopener\"> aqu\u00ed<\/a> para descargar la nota)<\/li>\r\n<li>Historia Cl\u00ednica (hijo\/a) con la prescripci\u00f3n de la medicaci\u00f3n que utiliza. (Clic <a href=\"desformularios\/FHClinica-adel.pdf\" target=\"_blank\" rel=\"noopener\"> aqu\u00ed<\/a> para descargar el formulario (adelante). (Clic <a href=\"desformularios\/FHClinica-atras.pdf\"> aqu\u00ed<\/a> para descargar formulario (atr\u00e1s))<\/li>\r\n<li>Fotocopia del \u00daltimo recibo de sueldo de los padres en caso de que ambos trabajen.<\/li>\r\n<li>Fotocopia del DNI del hijo\/a.<\/li>\r\n<li>Fotocopia del DNI de los padres.<\/li>\r\n<li>Copia del Acta de nacimiento legalizado.<\/li>\r\n<li>Constancia de la Repartici\u00f3n que percibe salario por hijo\/a discapacitado\/a.<\/li>\r\n<li>Certificado de discapacidad otorgado por el Ministerio de Desarrollo Humano.<\/li>\r\n<li>Informaci\u00f3n sumaria expedida por autoridad judicial donde conste que no posee obra social, ingreso fijo ni relaci\u00f3n de dependencia.<\/li>\r\n<li>Certificaci\u00f3n negativa de ANSES (hijo\/a) y de los padres.<\/li>\r\n<li>CUIL del hijo\/a.<\/li>\r\n<li>CUIL de los padres.<\/li>\r\n<\/ul>\r\n<\/div>\r\n<\/div>\r\n<\/div>\r\n<div class=\"panel panel-default\">\r\n<div class=\"panel-heading\">\r\n<h4 class=\"panel-title\"><a href=\"#collapse8\" data-toggle=\"collapse\" data-parent=\"#accordion\">Hijos Menores a 21 a\u00f1os<\/a><\/h4>\r\n<\/div>\r\n<div id=\"collapse8\" class=\"panel-collapse collapse\">\r\n<div class=\"panel-body\">\r\n<ul style=\"list-style-type: square;\">\r\n<li>Copia del Acta de Nacimiento legalizado.<\/li>\r\n<li>Fotocopia DNI ambos lados (hijo\/a).<\/li>\r\n<li>Carnet del titular.<\/li>\r\n<li>Fotocopia del \u00faltimo recibo de haberes.<\/li>\r\n<\/ul>\r\n<\/div>\r\n<\/div>\r\n<\/div>\r\n<div class=\"panel panel-default\">\r\n<div class=\"panel-heading\">\r\n<h4 class=\"panel-title\"><a href=\"#collapse9\" data-toggle=\"collapse\" data-parent=\"#accordion\">Menores a Cargo<\/a><\/h4>\r\n<\/div>\r\n<div id=\"collapse9\" class=\"panel-collapse collapse\">\r\n<div class=\"panel-body\">\r\n<ul style=\"list-style-type: square;\">\r\n<li>Nota por duplicado solicitando la afiliaci\u00f3n del menor a cargo. (Clic <a href=\"desformularios\/Nota_afiliacion_menores_acargo.pdf\" target=\"_blank\" rel=\"noopener\"> aqu\u00ed<\/a> para descargar la nota)<\/li>\r\n<li>Copia del Acta de Nacimiento legalizado.<\/li>\r\n<li>Fotocopia DNI ambos lados (hijo\/a).<\/li>\r\n<li>Certificaci\u00f3n Negativa de ANSES.<\/li>\r\n<li>Guarda o Tutela Judicial.<\/li>\r\n<li>Fotocopia del \u00faltimo recibo de haberes.<\/li>\r\n<\/ul>\r\n<\/div>\r\n<\/div>\r\n<\/div>\r\n<div class=\"panel panel-default\">\r\n<div class=\"panel-heading\">\r\n<h4 class=\"panel-title\"><a href=\"#collapse10\" data-toggle=\"collapse\" data-parent=\"#accordion\">Hijos estudiantes mayores de 21 a\u00f1os hasta 25 a\u00f1os de nivel terciario y universitario<\/a><\/h4>\r\n<\/div>\r\n<div id=\"collapse10\" class=\"panel-collapse collapse\">\r\n<div class=\"panel-body\">\r\n<ul style=\"list-style-type: square;\">\r\n<li style=\"list-style-type: none;\">\r\n<ul style=\"list-style-type: square;\">\r\n<li>Nota por duplicado solicitando la afiliaci\u00f3n del hijo\/a estudiante. (Clic <a href=\"desformularios\/Nota_afiliacion_general.pdf\" target=\"_blank\" rel=\"noopener\"> aqu\u00ed<\/a> para descargar la nota)<\/li>\r\n<li>Constancia de estudios terciario o universitario correspondiente al per\u00edodo lectivo vigente.<\/li>\r\n<li>Fotocopia del Acta de Nacimiento legalizado.<\/li>\r\n<li>Fotocopia del DNI<\/li>\r\n<li>Fotocopia recibo de haberes del titular<\/li>\r\n<li>Carnet anterior<\/li>\r\n<li>CUIL y certificaci\u00f3n negativa de ANSES (estudiante).<\/li>\r\n<li>Declaraci\u00f3n Jurada de Antecedentes de Salud. (Clic <a href=\"desformularios\/DECLARACION_JURADA_DE_ANTECEDENTES_DE_SALUD.pdf\" target=\"_blank\" rel=\"noopener\"> aqu\u00ed<\/a> para descargar el formulario)<\/li>\r\n<li>Autorizaci\u00f3n del descuento de aporte firmado por el afiliado titular. (Clic <a href=\"desformularios\/AUTORIZACION_aportes_de_descuento.pdf\" target=\"_blank\" rel=\"noopener\"> aqu\u00ed<\/a> para descargar la Autorizaci\u00f3n)<\/li>\r\n<\/ul>\r\n<\/li>\r\n<\/ul>\r\n<ul style=\"list-style-type: square;\">\r\n<li>HIJAS ESTUDIANTES:\u00a0 deber\u00e1 presentar adem\u00e1s de lo anterior, una Declaraci\u00f3n Jurada.\u00a0(Puede descargarlo haciendo clic <a href=\"https:\/\/iasep.gob.ar\/desformularios\/Declaracion_jurada_est_mujeres.pdf\" target=\"_blank\" rel=\"noopener\"> aqu\u00ed<\/a> )<\/li>\r\n<\/ul>\r\n<h6>OBSERVACIONES<\/h6>\r\n<ul>\r\n<li><b>APORTES: 1er hijo estudiante:<\/b>4% de aportes &#8211; <b>2do hijo estudiante:<\/b> 2% de aporte &#8211; <b>Sin aportes: <\/b>a partir del 3er hijo estudiante.<\/li>\r\n<li><b>CUMPLIDO LOS 21 A\u00d1OS:<\/b>tiene un plaza de 60 d\u00edas para la presentaci\u00f3n de las documentaciones, transcurrido dicho plazo regir\u00e1n los periodos de carencia establecidas en la presente reglamentaci\u00f3n.<\/li>\r\n<li>Una vez cumplido los 25 a\u00f1os podr\u00e1 seguir afiliado en car\u00e1cter de excepci\u00f3n hasta los 30 a\u00f1os con un aporte de 10%, en caso de optar por la no continuidad deber\u00e1 presentar una nota solicitando la desafiliaci\u00f3n como estudiante.<\/li>\r\n<li><b>TENER EN CUENTA<\/b>que la renovaci\u00f3n del carnet se realiza anualmente y en caso de que el estudiante se reciba antes de los 25 a\u00f1os o deje su condici\u00f3n de estudiante deber\u00e1n presentar una nota solicitando la desafiliaci\u00f3n a fin de dejar sin efecto el aporte adicional.<\/li>\r\n<\/ul>\r\n<\/div>\r\n<\/div>\r\n<\/div>\r\n<div class=\"panel panel-default\">\r\n<div class=\"panel-heading\">\r\n<h4 class=\"panel-title\"><a href=\"#collapse11\" data-toggle=\"collapse\" data-parent=\"#accordion\">Renovaci\u00f3n de carnet de Hijo\/a estudiante desde 21 a\u00f1os hasta 25, del nivel terciario y universitario<\/a><\/h4>\r\n<\/div>\r\n<div id=\"collapse11\" class=\"panel-collapse collapse\">\r\n<div class=\"panel-body\">\r\n<ul style=\"list-style-type: square;\">\r\n<li style=\"list-style-type: none;\">\r\n<ul style=\"list-style-type: square;\">\r\n<li>Nota por duplicado solicitando la afiliaci\u00f3n del hija\/a.(Clic <a href=\"desformularios\/Nota_renovacion_afiliacion.pdf\" target=\"_blank\" rel=\"noopener\"> aqu\u00ed<\/a> para descargar la nota)<\/li>\r\n<li>Constancia de alumno regular del per\u00edodo lectivo.<\/li>\r\n<li>Certificaci\u00f3n del 25% de las materias aprobadas del a\u00f1o anterior expedida por la casa de estudio.<\/li>\r\n<li>Carnet vencido del estudiante<\/li>\r\n<li>\u00daltimo recibo de haberes del titular<\/li>\r\n<li>Carnet vencido del estudiante<\/li>\r\n<li>CUIL y certificaci\u00f3n negativa de ANSES.<\/li>\r\n<li>Declaraci\u00f3n Jurada de Antecedentes de Salud. (Clic <a href=\"desformularios\/DECLARACION_JURADA_DE_ANTECEDENTES_DE_SALUD.pdf\" target=\"_blank\" rel=\"noopener\"> aqu\u00ed<\/a> para descargar el formulario)<\/li>\r\n<li>Autorizaci\u00f3n del descuento de aporte firmado por el afiliado titular. (Clic <a href=\"desformularios\/AUTORIZACION_aportes_de_descuento.pdf\" target=\"_blank\" rel=\"noopener\"> aqu\u00ed<\/a> para descargar la Autorizaci\u00f3n)<\/li>\r\n<\/ul>\r\n<\/li>\r\n<\/ul>\r\n<ul style=\"list-style-type: square;\">\r\n<li>HIJAS ESTUDIANTES:\u00a0 deber\u00e1 presentar adem\u00e1s de lo anterior, una Declaraci\u00f3n Jurada.\u00a0(Puede descargarlo haciendo clic <a href=\"https:\/\/iasep.gob.ar\/desformularios\/Declaracion_jurada_est_mujeres.pdf\" target=\"_blank\" rel=\"noopener\"> aqu\u00ed<\/a> )<\/li>\r\n<\/ul>\r\n<h6>OBSERVACIONES<\/h6>\r\n<ul>\r\n<li><b>Cumplido los 25 a\u00f1os:<\/b> El afiliado titular deber\u00e1 solicitar la <b>DESAFILIACION<\/b> devolviendo el carnet del IASEP y adjuntar el \u00faltimo recibo de haberes<\/li>\r\n<\/ul>\r\n<\/div>\r\n<\/div>\r\n<\/div>\r\n<div class=\"panel panel-default\">\r\n<div class=\"panel-heading\">\r\n<h4 class=\"panel-title\"><a href=\"#collapse12\" data-toggle=\"collapse\" data-parent=\"#accordion\">Afiliaci\u00f3n de hijo\/a estudiante desde 25 a\u00f1os a 30 a\u00f1os con aporte adicional del 10%<\/a><\/h4>\r\n<\/div>\r\n<div id=\"collapse12\" class=\"panel-collapse collapse\">\r\n<div class=\"panel-body\">\r\n<ul style=\"list-style-type: square;\">\r\n<li>Nota por duplicado solicitando la afiliaci\u00f3n del hija\/a en car\u00e1cter de excepci\u00f3n. (Clic <a href=\"desformularios\/Afiliacion_hijo_estudiante_mayor__25.pdf\" target=\"_blank\" rel=\"noopener\"> aqu\u00ed<\/a> para descargar la nota)<\/li>\r\n<li>Constancia del 25% de las materias aprobadas del a\u00f1o anterior otorgado por la casa de estudio<\/li>\r\n<li>Constancia de estudio del periodo lectivo vigente<\/li>\r\n<li>Acta de nacimiento de la persona a afiliar legalizado<\/li>\r\n<li>Fotocopia DNI ambos lados<\/li>\r\n<li>Fotocopia \u00faltimo recibo de haberes del titular<\/li>\r\n<li>Carnet anterior<\/li>\r\n<li>Informaci\u00f3n sumaria expedida por autoridad judicial donde conste que el hijo\/a no posee percepci\u00f3 de ingresos fijos, ni relaci\u00f3n de dependencia laboral, como tampoco cobertura de obra social y se encuentra a cargo del titular.<\/li>\r\n<li>CUIL y certificaci\u00f3n negativa de ANSES (estudiante).<\/li>\r\n<li>HIJAS ESTUDIANTES:\u00a0 deber\u00e1 presentar adem\u00e1s de lo anterior, una Declaraci\u00f3n Jurada.\u00a0(Puede descargarlo haciendo clic <a href=\"https:\/\/iasep.gob.ar\/desformularios\/Declaracion_jurada_est_mujeres.pdf\" target=\"_blank\" rel=\"noopener\"> aqu\u00ed<\/a> )<\/li>\r\n<\/ul>\r\n<h6>OBSERVACIONES<\/h6>\r\n<ul>\r\n<li>Para el uso de los servicios que presta el IASEP, los afiliados voluntarios que figuren en los art. III, IV, V y VI (anexo de Resoluci\u00f3n N\u00b0 0765\/10) tendr\u00e1 un <b>periodo de carencia:<\/b> los periodos de carencia se computar\u00e1n a partir del primer aporte por afiliado voluntario, fecha en la que se har\u00e1 entrega del carnet correspondiente.<\/li>\r\n<li>En caso de verificar falsedad, omisi\u00f3n o inexactitud en las documentaciones presentadas para la afiliaci\u00f3n voluntaria, IASEP tendr\u00e1 derecho a negar la cobertura m\u00e9dica.<\/li>\r\n<li>Porcentaje de Aporte: 10%.<\/li>\r\n<\/ul>\r\n<\/div>\r\n<\/div>\r\n<\/div>\r\n<div class=\"panel panel-default\">\r\n<div class=\"panel-heading\">\r\n<h4 class=\"panel-title\"><a href=\"#collapse13\" data-toggle=\"collapse\" data-parent=\"#accordion\">Matrimonio Igualitario<\/a><\/h4>\r\n<\/div>\r\n<div id=\"collapse13\" class=\"panel-collapse collapse\">\r\n<div class=\"panel-body\">\r\n<ul style=\"list-style-type: square;\">\r\n<li>Nota solicitando la afiliaci\u00f3n. (Clic <a href=\"desformularios\/Nota_afiliacion_general.pdf\" target=\"_blank\" rel=\"noopener\"> aqu\u00ed<\/a> para descargar la nota)<\/li>\r\n<li>Declaraci\u00f3n Jurada de Antecedentes de Salud de la persona a afiliar. (Clic <a href=\"desformularios\/DECLARACION_JURADA_DE_ANTECEDENTES_DE_SALUD.pdf\" target=\"_blank\" rel=\"noopener\"> aqu\u00ed<\/a> para descargar el formulario)<\/li>\r\n<li>Copia del Acta de Matrimonio legalizado<\/li>\r\n<li>Fotocopia del DNI ambos lados (esposa\/o).<\/li>\r\n<li>Fotocopia del \u00faltimo recibo de haberes.<\/li>\r\n<li>Carnet del titular.<\/li>\r\n<li>CUIL y certificaci\u00f3n negativa de ANSES de la persona a afiliar.<\/li>\r\n<li>Informaci\u00f3n sumaria expedida por autoridad judicial donde conste que no posee percepci\u00f3 de ingresos fijos, ni relaci\u00f3n de dependencia laboral, como tampoco cobertura de obra social y se encuentra a cargo del titular.<\/li>\r\n<\/ul>\r\n<\/div>\r\n<\/div>\r\n<\/div>\r\n<div class=\"panel panel-default\">\r\n<div class=\"panel-heading\">\r\n<h4 class=\"panel-title\"><a href=\"#collapse14\" data-toggle=\"collapse\" data-parent=\"#accordion\">Afiliaci\u00f3n Especial u Optativa (para Intendentes &#8211; Concejales &#8211; Diputados)<\/a><\/h4>\r\n<\/div>\r\n<div id=\"collapse14\" class=\"panel-collapse collapse\">\r\n<div class=\"panel-body\">\r\n<ul style=\"list-style-type: square;\">\r\n<li>Nota solicitando la afiliaci\u00f3n. (Clic <a href=\"desformularios\/Nota_afiliacion_especial.pdf\" target=\"_blank\" rel=\"noopener\"> aqu\u00ed<\/a> para descargar la nota)<\/li>\r\n<li>Acta de asunci\u00f3n<\/li>\r\n<li>Fotocopia DNI ambos lados<\/li>\r\n<li>Fotocopia del \u00faltimo recibo de sueldo<\/li>\r\n<\/ul>\r\n<\/div>\r\n<\/div>\r\n<\/div>\r\n<div class=\"panel panel-default\">\r\n<div class=\"panel-heading\">\r\n<h4 class=\"panel-title\"><a href=\"#collapse15\" data-toggle=\"collapse\" data-parent=\"#accordion\">Reafiliaci\u00f3n de Activo a Pasivo<\/a><\/h4>\r\n<\/div>\r\n<div id=\"collapse15\" class=\"panel-collapse collapse\">\r\n<div class=\"panel-body\">\r\n<ul style=\"list-style-type: square;\">\r\n<li>Resoluci\u00f3n de baja de la Repartici\u00f3n<\/li>\r\n<li>Resoluci\u00f3n de la Caja de Previsi\u00f3n Social<\/li>\r\n<li>Fotocopia del \u00faltimo recibo de sueldo<\/li>\r\n<li>Devolver todos los carnets que tengan de activo<\/li>\r\n<\/ul>\r\n<\/div>\r\n<\/div>\r\n<\/div>\r\n<div class=\"panel panel-default\">\r\n<div class=\"panel-heading\">\r\n<h4 class=\"panel-title\"><a href=\"#collapse17\" data-toggle=\"collapse\" data-parent=\"#accordion\">Renovaci\u00f3n Carnet Esposo<\/a><\/h4>\r\n<\/div>\r\n<div id=\"collapse17\" class=\"panel-collapse collapse\">\r\n<div class=\"panel-body\">\r\n<ul style=\"list-style-type: square;\">\r\n<li>Nota solicitando la renovaci\u00f3n. (Clic <a href=\"desformularios\/Nota_renovacion_afiliacion.pdf\" target=\"_blank\" rel=\"noopener\"> aqu\u00ed<\/a> para descargar la nota)<\/li>\r\n<li>Acta de Matrimonio Legalizado<\/li>\r\n<li>CUIL<\/li>\r\n<li>Negativa del ANSES<\/li>\r\n<li>\u00daltimo Recibo de Haberes del titular<\/li>\r\n<\/ul>\r\n<\/div>\r\n<\/div>\r\n<\/div>\r\n<div class=\"panel panel-default\">\r\n<div class=\"panel-heading\">\r\n<h4 class=\"panel-title\"><a href=\"#collapse18\" data-toggle=\"collapse\" data-parent=\"#accordion\">Desafiliaci\u00f3n<\/a><\/h4>\r\n<\/div>\r\n<div id=\"collapse18\" class=\"panel-collapse collapse\">\r\n<div class=\"panel-body\">\r\n<ul style=\"list-style-type: square;\">\r\n<li>Nota por duplicado solicitando la desafiliaci\u00f3n de sus afiliados voluntarios directos o con cargo. (Clic <a href=\"desformularios\/Nota desafiliacion.pdf\" target=\"_blank\" rel=\"noopener\"> aqu\u00ed<\/a> para descargar la nota)<\/li>\r\n<li>Devoluci\u00f3n del carnet afiliatorio o constancia policial de extrav\u00edo.<\/li>\r\n<\/ul>\r\n<h6>OBSERVACIONES<\/h6>\r\n<ul>\r\n<li>En los casos en que se desafilie un afiliado voluntario, el titular no podr\u00e1 reclamar subsidio por fallecimiento ni servicio de sepelio.<\/li>\r\n<li>Para la desafiliaci\u00f3n de los titulares cuya afiliaci\u00f3n fuera de car\u00e1cter optativo, deber\u00e1 mediar solicitud expresa (escrita), debiendo proceder a la devoluci\u00f3n del carnet afiliatorio o constancia policial de extrav\u00edo, y certificaci\u00f3n de libre deuda emitida por el \u00e1rea competente de \u00e9ste Instituto; sin estos requisitos no se dar\u00e1 lugar a lo peticionado y el IASEP se reserva el derecho de adoptar las medidas que correspondan en tal sentido.<\/li>\r\n<\/ul>\r\n<\/div>\r\n<\/div>\r\n<\/div>\r\n<\/div>\r\n<!--FIN acordion --><!--fin contenido --><\/div>\r\n<\/div>\r\n<p>&nbsp;<\/p>\r\n<p><span style=\"color: #3366ff;\"><strong>Lugar de Atenci\u00f3n:<\/strong><\/span><\/p>\r\n<p>Departamento AFILIACIONES Moreno 1170 &#8211; 1\u00b0 piso.<\/p>\r\n<p><strong>D\u00edas y Horarios:<\/strong><\/p>\r\n<p>Lunes a viernes de 08:00 hs a 14:00 hs\u00a0<\/p>\r\n","protected":false},"excerpt":{"rendered":"<p>Requisitos de Afiliaci\u00f3n Seg\u00fan el tipo de afiliaci\u00f3n que requiera, puede hacer clic y encontrar los requisitos como tambi\u00e9n descargar las notas y\/o formularios necesarios. Titulares Certificaci\u00f3n de trabajo. Fotocopia DNI ambos lados. Fotocopia \u00faltimo recibo de haberes. Para designar beneficiario del subsidio por fallecimiento: copia DNI de 2 personas qui\u00e9nes ser\u00e1n los beneficiarios. Esposa [&hellip;]<\/p>\n","protected":false},"author":1,"featured_media":0,"parent":0,"menu_order":0,"comment_status":"closed","ping_status":"closed","template":"","meta":{"footnotes":""},"class_list":["post-211","page","type-page","status-publish","hentry"],"_links":{"self":[{"href":"https:\/\/iasep.gob.ar\/index.php?rest_route=\/wp\/v2\/pages\/211","targetHints":{"allow":["GET"]}}],"collection":[{"href":"https:\/\/iasep.gob.ar\/index.php?rest_route=\/wp\/v2\/pages"}],"about":[{"href":"https:\/\/iasep.gob.ar\/index.php?rest_route=\/wp\/v2\/types\/page"}],"author":[{"embeddable":true,"href":"https:\/\/iasep.gob.ar\/index.php?rest_route=\/wp\/v2\/users\/1"}],"replies":[{"embeddable":true,"href":"https:\/\/iasep.gob.ar\/index.php?rest_route=%2Fwp%2Fv2%2Fcomments&post=211"}],"version-history":[{"count":45,"href":"https:\/\/iasep.gob.ar\/index.php?rest_route=\/wp\/v2\/pages\/211\/revisions"}],"predecessor-version":[{"id":1143,"href":"https:\/\/iasep.gob.ar\/index.php?rest_route=\/wp\/v2\/pages\/211\/revisions\/1143"}],"wp:attachment":[{"href":"https:\/\/iasep.gob.ar\/index.php?rest_route=%2Fwp%2Fv2%2Fmedia&parent=211"}],"curies":[{"name":"wp","href":"https:\/\/api.w.org\/{rel}","templated":true}]}}