{"id":273,"date":"2021-01-28T12:42:13","date_gmt":"2021-01-28T12:42:13","guid":{"rendered":"https:\/\/iasep.gob.ar\/wp\/?page_id=273"},"modified":"2024-10-03T08:36:20","modified_gmt":"2024-10-03T11:36:20","slug":"delegaciones-iasep-en-el-interior-provincial","status":"publish","type":"page","link":"https:\/\/iasep.gob.ar\/?page_id=273","title":{"rendered":"Delegaciones IASEP en el Interior Provincial"},"content":{"rendered":"\r\n<div id=\"main\">\r\n<div class=\"container\">\r\n<h2>Delegaciones IASEP en el Interior Provincial<\/h2>\r\n<div class=\"fondo\"><!--contenido -->\r\n<div class=\"table-responsive\">\r\n<table class=\"table table-hover\">\r\n<thead style=\"color: #ffffff;\">\r\n<tr class=\"formato\">\r\n<th>Delegaci\u00f3n<\/th>\r\n<th>Direcci\u00f3n<\/th>\r\n<th>Prestaciones Habilitadas<\/th>\r\n<th>Responsable<\/th>\r\n<th>Correo Electr\u00f3nico<\/th>\r\n<\/tr>\r\n<\/thead>\r\n<tbody>\r\n<tr class=\"success\">\r\n<td>CLORINDA<\/td>\r\n<td>Sarmiento 950<\/td>\r\n<td>* Venta de \u00d3rdenes M\u00e9dicas<br \/>* Autorizaciones de prestaciones m\u00e9dicas<br \/>* Autorizaci\u00f3n de prestaciones Odontol\u00f3gicas<br \/>* Farmacia<\/td>\r\n<td>Marisa Carcano<\/td>\r\n<td>dclorinda@iasep.gob.ar<\/td>\r\n<\/tr>\r\n<tr class=\"info\">\r\n<td>COMANDANTE FONTANA<\/td>\r\n<td>Av. San Mart\u00edn s\/n<\/td>\r\n<td>* Venta de \u00d3rdenes M\u00e9dicas<br \/>* Autorizaciones de prestaciones m\u00e9dicas<br \/>* Autorizaci\u00f3n de prestaciones Odontol\u00f3gicas<\/td>\r\n<td>\u00a0<\/td>\r\n<td>dfontana@iasep.gob.ar<\/td>\r\n<\/tr>\r\n<tr class=\"success\">\r\n<td>EL COLORADO<\/td>\r\n<td>Sarmiento 585<\/td>\r\n<td>* Venta de \u00d3rdenes M\u00e9dicas<br \/>* Autorizaciones de prestaciones m\u00e9dicas<br \/>* Autorizaci\u00f3n de prestaciones Odontol\u00f3gicas<br \/>* Farmacia<\/td>\r\n<td>Ricardo Insfr\u00e1n<\/td>\r\n<td>delcolorado@iasep.gob.ar<\/td>\r\n<\/tr>\r\n<tr class=\"info\">\r\n<td>EL ESPINILLO<\/td>\r\n<td>Jos\u00e9 Hern\u00e1ndez entre 25 de Mayo y Ant\u00e1rtida Argentina<\/td>\r\n<td>* Venta de \u00d3rdenes M\u00e9dicas<br \/>* Autorizaciones de prestaciones m\u00e9dicas<br \/>* Autorizaci\u00f3n de prestaciones Odontol\u00f3gicas<\/td>\r\n<td>Daniela Albornoz<\/td>\r\n<td>delespinillo@iasep.gob.ar<\/td>\r\n<\/tr>\r\n<tr class=\"success\">\r\n<td>ESTANISLAO DEL CAMPO<\/td>\r\n<td>Mart\u00edn Llanos y Rivadavia<\/td>\r\n<td>* Venta de \u00d3rdenes M\u00e9dicas<br \/>* Autorizaciones de prestaciones m\u00e9dicas<br \/>* Autorizaci\u00f3n de prestaciones Odontol\u00f3gicas<br \/>* Autorizaci\u00f3n de Fisio-Kinesio<br \/>* Traslados<\/td>\r\n<td>Gladis Maldonado<\/td>\r\n<td>destdelcampo@iasep.gob.ar<\/td>\r\n<\/tr>\r\n<tr class=\"info\">\r\n<td>FORT\u00cdN LUGONES<\/td>\r\n<td>Fort\u00edn Lugones s\/n<\/td>\r\n<td>* Venta de \u00d3rdenes M\u00e9dicas<\/td>\r\n<td>Etelvina Salto<\/td>\r\n<td>dfortinlugones@iasep.gob.ar<\/td>\r\n<\/tr>\r\n<tr class=\"success\">\r\n<td>GENERAL BELGRANO<\/td>\r\n<td>Av. Libertador y Av. Juan D. Per\u00f3n<\/td>\r\n<td>* Venta de \u00d3rdenes M\u00e9dicas<br \/>* Autorizaciones de prestaciones m\u00e9dicas<br \/>* Autorizaci\u00f3n de prestaciones Odontol\u00f3gicas<\/td>\r\n<td>Alberto Salinas<\/td>\r\n<td>dgralbelgrano@iasep.gob.ar<\/td>\r\n<\/tr>\r\n<tr class=\"info\">\r\n<td>GRAN GUARDIA<\/td>\r\n<td>Hospital de Gran Guardia<\/td>\r\n<td>* Venta de \u00d3rdenes M\u00e9dicas<\/td>\r\n<td>Natali D\u00edaz<\/td>\r\n<td>dgranguardia@iasep.gob.ar<\/td>\r\n<\/tr>\r\n<tr class=\"success\">\r\n<td>HERRADURA<\/td>\r\n<td>Municipio de Herradura<\/td>\r\n<td>* Venta de \u00d3rdenes M\u00e9dicas<\/td>\r\n<td>\u00d3scar Morinigo<\/td>\r\n<td>dherradura@iasep.gob.ar<\/td>\r\n<\/tr>\r\n<tr class=\"info\">\r\n<td>IBARRETA<\/td>\r\n<td>25 de Mayo 798 y Sarmiento<\/td>\r\n<td>* Venta de \u00d3rdenes M\u00e9dicas<br \/>* Autorizaciones de prestaciones m\u00e9dicas<br \/>* Autorizaci\u00f3n de prestaciones Odontol\u00f3gicas<br \/>* Traslados<\/td>\r\n<td>Roberto Roa<\/td>\r\n<td>dibarreta@iasep.gob.ar<\/td>\r\n<\/tr>\r\n<tr class=\"success\">\r\n<td>INGENIERO JU\u00c1REZ<\/td>\r\n<td>Av. Deguen s\/n. Entre Mendoza y Facundo Anaquin (Centro C\u00edvico &#8211; of.6)<\/td>\r\n<td>* Venta de \u00d3rdenes M\u00e9dicas<br \/>* Autorizaciones de prestaciones m\u00e9dicas<br \/>* Autorizaci\u00f3n de prestaciones Odontol\u00f3gicas<br \/>* Traslados<br \/>* Farmacia<\/td>\r\n<td>Catalina Montes<\/td>\r\n<td>dingenierojuarez@iasep.gob.ar<\/td>\r\n<\/tr>\r\n<tr class=\"info\">\r\n<td>LAGUNA BLANCA<\/td>\r\n<td>San Mart\u00edn y Leandro N. Alem<\/td>\r\n<td>* Venta de \u00d3rdenes M\u00e9dicas<br \/>* Autorizaciones de prestaciones m\u00e9dicas<br \/>* Autorizaci\u00f3n de prestaciones Odontol\u00f3gicas<\/td>\r\n<td>Ram\u00f3n Espinoza<\/td>\r\n<td>dlagunablanca@iasep.gob.ar<\/td>\r\n<\/tr>\r\n<tr class=\"success\">\r\n<td>LAS LOMITAS<\/td>\r\n<td>Saavedra y Av. Entre R\u00edos<\/td>\r\n<td>* Venta de \u00d3rdenes M\u00e9dicas<br \/>* Autorizaciones de prestaciones m\u00e9dicas<br \/>* Autorizaci\u00f3n de prestaciones Odontol\u00f3gicas<br \/>* Traslados<\/td>\r\n<td>Juan Manuel Sandoval<\/td>\r\n<td>dlaslomitas@iasep.gob.ar<\/td>\r\n<\/tr>\r\n<tr class=\"info\">\r\n<td>LUCIO V. MANSILLA<\/td>\r\n<td>316 viviendas C.5 H. Irigoyen s\/n<\/td>\r\n<td>* Venta de \u00d3rdenes M\u00e9dicas<\/td>\r\n<td>Wilma Garc\u00eda<\/td>\r\n<td>dmansilla@iasep.gob.ar<\/td>\r\n<\/tr>\r\n<tr class=\"success\">\r\n<td>MAYOR VILLAFA\u00d1E<\/td>\r\n<td>H. Irigoyen 725<\/td>\r\n<td>* Venta de \u00d3rdenes M\u00e9dicas<br \/>* Autorizaciones de prestaciones m\u00e9dicas<br \/>* Autorizaci\u00f3n de prestaciones Odontol\u00f3gicas * Farmacia<\/td>\r\n<td>Yolanda Asselborn<\/td>\r\n<td>dvillafane@iasep.gob.ar<\/td>\r\n<\/tr>\r\n<tr class=\"info\">\r\n<td>MISI\u00d3N LAHISI<\/td>\r\n<td>Hospital de Lahisi<\/td>\r\n<td>* Venta de \u00d3rdenes M\u00e9dicas<br \/>* Autorizaciones de prestaciones m\u00e9dicas<br \/>* Autorizaci\u00f3n de prestaciones Odontol\u00f3gicas<\/td>\r\n<td>Esther Enriquez<\/td>\r\n<td>dmisionlahisi@iasep.gob.ar<\/td>\r\n<\/tr>\r\n<tr class=\"success\">\r\n<td>MISI\u00d3N TACAAGLE<\/td>\r\n<td>Av. Ej\u00e9rcito del Libertador s\/n<\/td>\r\n<td>* Venta de \u00d3rdenes M\u00e9dicas<br \/>* Autorizaciones de prestaciones m\u00e9dicas<br \/>* Autorizaci\u00f3n de prestaciones Odontol\u00f3gicas<\/td>\r\n<td>Silvia Romero<\/td>\r\n<td>dtacaagle@iasep.gob.ar<\/td>\r\n<\/tr>\r\n<tr class=\"info\">\r\n<td>PALO SANTO<\/td>\r\n<td>Av. 2 de Abril s\/n (Centro C\u00edvico)<\/td>\r\n<td>* Venta de \u00d3rdenes M\u00e9dicas<br \/>* Autorizaciones de Fisio<\/td>\r\n<td>Marcelina C\u00e1ceres<\/td>\r\n<td>dpalosanto@iasep.gob.ar<\/td>\r\n<\/tr>\r\n<tr class=\"success\">\r\n<td>PIRANE<\/td>\r\n<td>Roque Saenz Pe\u00f1a 235<\/td>\r\n<td>* Venta de \u00d3rdenes M\u00e9dicas<br \/>* Autorizaciones de prestaciones m\u00e9dicas<br \/>* Autorizaci\u00f3n de prestaciones Odontol\u00f3gicas<br \/>* Farmacia<\/td>\r\n<td>J\u00e9sica Qui\u00f1onez<\/td>\r\n<td>dpirane@iasep.gob.ar<\/td>\r\n<\/tr>\r\n<tr class=\"info\">\r\n<td>POZO DEL TIGRE<\/td>\r\n<td>San Mart\u00edn (entre Alberdi y Cerd\u00e1n de la Rosa)<\/td>\r\n<td>* Venta de \u00d3rdenes M\u00e9dicas<\/td>\r\n<td>Francisca Medina<\/td>\r\n<td>dpozodeltigre@iasep.gob.ar<\/td>\r\n<\/tr>\r\n<tr class=\"success\">\r\n<td>RIACHO HE HE<\/td>\r\n<td>San Francisco Solano s\/n (Municipalidad)<\/td>\r\n<td>* Venta de \u00d3rdenes M\u00e9dicas<br \/>* Autorizaciones de prestaciones m\u00e9dicas<br \/>* Autorizaci\u00f3n de prestaciones Odontol\u00f3gicas<\/td>\r\n<td>Marcela Alonso<\/td>\r\n<td>driachohehe@iasep.gob.ar<\/td>\r\n<\/tr>\r\n<tr class=\"info\">\r\n<td>SAN MARTIN II<\/td>\r\n<td>Av. 9 de Julio y Jos\u00e9 Hern\u00e1ndez<\/td>\r\n<td>* Venta de \u00d3rdenes M\u00e9dicas<br \/>* Autorizaciones de prestaciones m\u00e9dicas<br \/>* Autorizaci\u00f3n de prestaciones Odontol\u00f3gicas<\/td>\r\n<td>Elba Figueredo<\/td>\r\n<td>dsanmartin2@iasep.gob.ar<\/td>\r\n<\/tr>\r\n<tr class=\"success\">\r\n<td>SIETE PALMAS<\/td>\r\n<td>G\u00fcemes s\/n (Comisi\u00f3n de Fomento)<\/td>\r\n<td>* Venta de \u00d3rdenes M\u00e9dicas<\/td>\r\n<td>Aida Paredes<\/td>\r\n<td>&#8211; &#8211;<\/td>\r\n<\/tr>\r\n<tr class=\"info\">\r\n<td>TRES LAGUNAS<\/td>\r\n<td>Calle 25 de Mayo s\/n<\/td>\r\n<td>* Venta de \u00d3rdenes M\u00e9dicas<\/td>\r\n<td>Celia Aguilar<\/td>\r\n<td>&#8211; &#8211;<\/td>\r\n<\/tr>\r\n<tr class=\"success\">\r\n<td>VILLA 213<\/td>\r\n<td>Juan D. Per\u00f3n (entre Av. San Martin y Rivadavia)<\/td>\r\n<td>* Venta de \u00d3rdenes M\u00e9dicas<br \/>* Autorizaciones de prestaciones m\u00e9dicas<br \/>* Autorizaci\u00f3n de prestaciones Odontol\u00f3gicas<\/td>\r\n<td>Blas Rozas<\/td>\r\n<td>dvilla213@iasep.gob.ar<\/td>\r\n<\/tr>\r\n<tr class=\"info\">\r\n<td>VILLA ESCOLAR<\/td>\r\n<td>AV. Nestor Kirchner s\/n (funciona en la Municipalidad)<\/td>\r\n<td>* Venta de \u00d3rdenes M\u00e9dicas<\/td>\r\n<td>Irma Niz<\/td>\r\n<td>dvillaescolar@iasep.gob.ar<\/td>\r\n<\/tr>\r\n<tr class=\"success\">\r\n<td>VILLA GENERAL G\u00dcEMES<\/td>\r\n<td>Gral. Belgrano s\/n (Municipalidad)<\/td>\r\n<td>* Venta de \u00d3rdenes M\u00e9dicas<br \/>* Autorizaciones de prestaciones m\u00e9dicas<br \/>* Autorizaci\u00f3n de prestaciones Odontol\u00f3gicas<\/td>\r\n<td>Adelaida Mart\u00ednez<\/td>\r\n<td>&#8211; &#8211;<\/td>\r\n<\/tr>\r\n<\/tbody>\r\n<\/table>\r\n<\/div>\r\n<\/div>\r\n<!--fin contenido  --><\/div>\r\n<\/div>","protected":false},"excerpt":{"rendered":"<p>Delegaciones IASEP en el Interior Provincial Delegaci\u00f3n Direcci\u00f3n Prestaciones Habilitadas Responsable Correo Electr\u00f3nico CLORINDA Sarmiento 950 * Venta de \u00d3rdenes M\u00e9dicas* Autorizaciones de prestaciones m\u00e9dicas* Autorizaci\u00f3n de prestaciones Odontol\u00f3gicas* Farmacia Marisa Carcano dclorinda@iasep.gob.ar COMANDANTE FONTANA Av. San Mart\u00edn s\/n * Venta de \u00d3rdenes M\u00e9dicas* Autorizaciones de prestaciones m\u00e9dicas* Autorizaci\u00f3n de prestaciones Odontol\u00f3gicas \u00a0 dfontana@iasep.gob.ar EL [&hellip;]<\/p>\n","protected":false},"author":1,"featured_media":0,"parent":0,"menu_order":0,"comment_status":"closed","ping_status":"closed","template":"","meta":{"footnotes":""},"class_list":["post-273","page","type-page","status-publish","hentry"],"_links":{"self":[{"href":"https:\/\/iasep.gob.ar\/index.php?rest_route=\/wp\/v2\/pages\/273","targetHints":{"allow":["GET"]}}],"collection":[{"href":"https:\/\/iasep.gob.ar\/index.php?rest_route=\/wp\/v2\/pages"}],"about":[{"href":"https:\/\/iasep.gob.ar\/index.php?rest_route=\/wp\/v2\/types\/page"}],"author":[{"embeddable":true,"href":"https:\/\/iasep.gob.ar\/index.php?rest_route=\/wp\/v2\/users\/1"}],"replies":[{"embeddable":true,"href":"https:\/\/iasep.gob.ar\/index.php?rest_route=%2Fwp%2Fv2%2Fcomments&post=273"}],"version-history":[{"count":9,"href":"https:\/\/iasep.gob.ar\/index.php?rest_route=\/wp\/v2\/pages\/273\/revisions"}],"predecessor-version":[{"id":967,"href":"https:\/\/iasep.gob.ar\/index.php?rest_route=\/wp\/v2\/pages\/273\/revisions\/967"}],"wp:attachment":[{"href":"https:\/\/iasep.gob.ar\/index.php?rest_route=%2Fwp%2Fv2%2Fmedia&parent=273"}],"curies":[{"name":"wp","href":"https:\/\/api.w.org\/{rel}","templated":true}]}}