{"id":716,"date":"2022-04-12T14:50:56","date_gmt":"2022-04-12T17:50:56","guid":{"rendered":"https:\/\/iasep.gob.ar\/?page_id=716"},"modified":"2025-08-27T13:15:22","modified_gmt":"2025-08-27T16:15:22","slug":"consulta-de-prestadores-funerarios","status":"publish","type":"page","link":"https:\/\/iasep.gob.ar\/?page_id=716","title":{"rendered":"Consulta de Prestadores Funerarios"},"content":{"rendered":"<h1>Funerarias con convenio en IASEP<\/h1>\n<hr \/>\n<h2>Cocheria Jose C. Fernandez y Cia.S.C.<\/h2>\n<ul>\n<li><strong>Localidad :<\/strong> Formosa Capital<\/li>\n<li><strong>Direcci\u00f3n :<\/strong>De\u00e1n Funes 642<\/li>\n<li><strong>Tel\u00e9fonos :\u00a0<\/strong> +54 (3704) 442611<\/li>\n<\/ul>\n<hr \/>\n<h2>La Previsora del Norte<\/h2>\n<ul>\n<li><strong>Localidad :<\/strong> Formosa Capital<\/li>\n<li><strong>Direcci\u00f3n :<\/strong> Espa\u00f1a 441<\/li>\n<li><strong> Tel\u00e9fonos :<\/strong> +54 (0370) 4426121<\/li>\n<\/ul>\n<hr \/>\n<p><!-- se pidio sacar 27\/08\/25\n\n\n<h2>Cocheria Fada y Costa<\/h2>\n\n\n\n\n<ul>\n \t\n\n<li><strong>Localidad :<\/strong> Formosa Capital<\/li>\n\n\n \t\n\n<li><strong>Direcci\u00f3n :<\/strong> De\u00e1n Funes 1446<\/li>\n\n\n \t\n\n<li><strong>Tel\u00e9fonos :<\/strong> +54 (0370) 4435861<\/li>\n\n\n<\/ul>\n\n\n--!>\n\n\n<hr \/>\n\n\n\n\n\n<h1><strong><span style=\"color: #0000ff;\">En el Interior de Formosa<\/span><\/strong><\/h1>\n\n\n\n\n\n<hr \/>\n\n\n\n\n\n<h2>VARVA<\/h2>\n\n\n\n\n<ul>\n \t\n\n<li><strong> Localidad :<\/strong> Ibarreta Fontana Palo Santo Pirane El ColoradoVilla 213 y Zonas de influencia<\/li>\n\n\n \t\n\n<li><strong>Direcci\u00f3n :\u00a0<\/strong> Sarmiento 658<\/li>\n\n\n \t\n\n<li><strong>Tel\u00e9fonos :<\/strong> +54 (3704) 424528+54 (3716) 4321182<\/li>\n\n\n<\/ul>\n\n\n\n\n\n<hr \/>\n\n\n\n\n\n<h2>LLERANDI<\/h2>\n\n\n\n\n<ul>\n \t\n\n<li><strong>Localidad :<\/strong> Clorinda Laguna Blanca Riacho H\u00e9 H\u00e9 y Zonas de influencia<\/li>\n\n\n \t\n\n<li><strong>Direcci\u00f3n :\u00a0<\/strong>Clorinda : Libertad 1073<\/li>\n\n\n \t\n\n<li><strong>Tel\u00e9fonos :<\/strong> Clorinda : +54 (3718) 421048<\/li>\n\n\n \t\n\n<li><strong>Direcci\u00f3n :<\/strong>Laguna Blanca : Av 25 de Mayo C\/ Av. San Martin<\/li>\n\n\n \t\n\n<li><strong>Tel\u00e9fonos :<\/strong>Laguna Blanca: +54 (3718) 401540<\/li>\n\n\n<\/ul>\n\n\n\n\n\n<hr \/>\n\n\n\n\n\n<h2>ALCE<\/h2>\n\n\n\n\n<ul>\n \t\n\n<li><strong>Localidad :<\/strong> Ingeniero Juarez y Zonas de influencia<\/li>\n\n\n \t\n\n<li><strong> Direcci\u00f3n :<\/strong>Tucuman S\/N<\/li>\n\n\n \t\n\n<li><strong>Tel\u00e9fonos :<\/strong>+54 (3711) 420469<\/li>\n\n\n<\/ul>\n\n\n\n\n\n<hr \/>\n\n\n\n\n\n<h2>Padilla Eva<\/h2>\n\n\n\n\n<ul>\n \t\n\n<li><strong> Localidad :<\/strong> Las Lomitas y Zonas de influencia<\/li>\n\n\n \t\n\n<li><strong>Direcci\u00f3n :<\/strong>Matienzo 348<\/li>\n\n\n \t\n\n<li><strong>Tel\u00e9fonos :<\/strong>+54 (3715) 432092<\/li>\n\n\n<\/ul>\n\n\n\n\n\n<hr \/>\n\n\n\n&nbsp;\n<\/p>\n","protected":false},"excerpt":{"rendered":"<p>Funerarias con convenio en IASEP Cocheria Jose C. Fernandez y Cia.S.C. Localidad : Formosa Capital Direcci\u00f3n :De\u00e1n Funes 642 Tel\u00e9fonos :\u00a0 +54 (3704) 442611 La Previsora del Norte Localidad : Formosa Capital Direcci\u00f3n : Espa\u00f1a 441 Tel\u00e9fonos : +54 (0370) 4426121<\/p>\n","protected":false},"author":1,"featured_media":0,"parent":0,"menu_order":0,"comment_status":"closed","ping_status":"closed","template":"","meta":{"footnotes":""},"class_list":["post-716","page","type-page","status-publish","hentry"],"_links":{"self":[{"href":"https:\/\/iasep.gob.ar\/index.php?rest_route=\/wp\/v2\/pages\/716","targetHints":{"allow":["GET"]}}],"collection":[{"href":"https:\/\/iasep.gob.ar\/index.php?rest_route=\/wp\/v2\/pages"}],"about":[{"href":"https:\/\/iasep.gob.ar\/index.php?rest_route=\/wp\/v2\/types\/page"}],"author":[{"embeddable":true,"href":"https:\/\/iasep.gob.ar\/index.php?rest_route=\/wp\/v2\/users\/1"}],"replies":[{"embeddable":true,"href":"https:\/\/iasep.gob.ar\/index.php?rest_route=%2Fwp%2Fv2%2Fcomments&post=716"}],"version-history":[{"count":30,"href":"https:\/\/iasep.gob.ar\/index.php?rest_route=\/wp\/v2\/pages\/716\/revisions"}],"predecessor-version":[{"id":1027,"href":"https:\/\/iasep.gob.ar\/index.php?rest_route=\/wp\/v2\/pages\/716\/revisions\/1027"}],"wp:attachment":[{"href":"https:\/\/iasep.gob.ar\/index.php?rest_route=%2Fwp%2Fv2%2Fmedia&parent=716"}],"curies":[{"name":"wp","href":"https:\/\/api.w.org\/{rel}","templated":true}]}}